392. What is the ten thousands digit of g?
4
Let o(q) = 4*q**3 - 4*q**2 - 9*q. Let t(u) = 5*u**3 - 4*u**2 - 9*u. Let w(f) = 4*o(f) - 3*t(f). What is the hundreds digit of w(8)?
1
Let c = 16337 + -11132. What is the hundreds digit of c?
2
Let i(a) = 5*a + 17. Suppose 5*y + 25 = 0, n = 2*n + y + 9. Let t be i(n). What is the tens digit of 8/t*(-4 - 438/12)?
0
Suppose 0*g - 2*g = -2. Let q = 162 + -36. What is the units digit of (q/8 + 3/(-4))*g?
5
What is the thousands digit of 1*(4269/9*-1)/(13/(-351))?
2
Let y(a) = 194*a**2 + 35*a - 198. What is the units digit of y(5)?
7
Let g(q) = q + 84. Suppose -3*c + 3*l - 36 = 0, -7*c + 11*c - 3*l + 47 = 0. What is the units digit of g(c)?
3
Suppose 4*b = 12, z - 3166 = -40*b + 36*b. What is the thousands digit of z?
3
Let v = 7800 - 5713. What is the tens digit of v?
8
Suppose 22*x - 3 = -3. What is the tens digit of ((-10)/20*-360)/(1 - x)?
8
Suppose -2*k = -2, -3*k + 1561 = 5*s - 42. Let f = s - -842. What is the units digit of f?
2
Let o(p) = -63*p**3 - 12*p**2 - 4*p + 2. Let k be o(-6). Suppose 52*q = 11*q + k. What is the hundreds digit of q?
3
Let g(k) be the third derivative of -219*k**4/8 - 20*k**3/3 - 6*k**2 + 2. What is the units digit of g(-2)?
4
Let r(q) = 55*q**3 + q**2 - 3*q + 4. Let d be r(2). Let x be 2/(-10) + d/(-65). What is the units digit of x*(1 - 9/3)?
4
Let v = -7433 - -20524. What is the units digit of v?
1
Suppose 13*d = -13*d - 130. What is the units digit of (-2)/(-20) + d + 878/20?
9
Suppose -5*w - 13 = 3*s, -4*s = 7*w - 4*w + 10. Let f be (-4)/w*69/46. Suppose -2*t + 82 = f*l, -5*t + 48 = 3*l - 148. What is the tens digit of t?
3
Suppose h - 3*p = 14, -3*p - p = -5*h + 37. Suppose h*v = 5*c - 3225, 5*c + 17*v - 15*v = 3246. What is the hundreds digit of c?
6
Let t(y) = -y**3 - 7*y**2 - 10*y + 31. Let g be t(-17). Suppose -g = -24*f + 3293. What is the tens digit of f?
6
Let n(l) = 13*l**2 - 129*l + 842. What is the units digit of n(36)?
6
Let y = 122 - 120. Suppose 0 = -y*c - 3*z - 50 + 1585, 3*c - 2299 = -z. What is the hundreds digit of c?
7
Let c(o) = 16*o + 245. Let f be c(-14). What is the units digit of (548/3)/(196/f + -9)?
8
Suppose 4*p = p + 21. Let k be ((-12)/p)/((-20)/70). What is the units digit of ((-297)/k)/3*-2?
3
Let n = -8 - -2. Let m(x) = -1267*x - 1262*x + 17 + 2513*x. What is the hundreds digit of m(n)?
1
Suppose 53*z = 39951 + 16865. What is the units digit of z?
2
Suppose -29*j + 42813 + 87734 = -33738. What is the units digit of j?
5
Let b(l) = -18 - 4*l - 8*l - 28 + 3*l**2 + 48. What is the tens digit of b(8)?
9
Let d = 364 - 208. Suppose 3*k - 1476 = -2*u, 5*k - u - d = 2304. What is the tens digit of k?
9
Let k be 4/10*2*15. Let q be (k/15)/(4/20). Suppose -d + 5 = -0, 3*t = -q*d + 386. What is the units digit of t?
2
Suppose 2*w + 3 - 27 = 0. Suppose -3*a = 4*x - 263, 2*x - 21 + 11 = 0. What is the tens digit of a - w/(-4)*-1?
7
Suppose 4*j - 27468 = 4*g - 9*g, 0 = 8*g + 2*j - 43940. What is the thousands digit of g?
5
Let w(l) = 3*l - 43. Let d be w(14). Let o(u) = -3*u + 1. Let t be o(d). What is the tens digit of 2/(460/(-116) + t)?
5
Suppose -3*k + 845 = -4*h, -3*h + 5*h + 853 = 3*k. Suppose 0*g = -3*a - g + 175, 5*a = -4*g + k. What is the units digit of a?
9
Let j(m) = -106*m + 31. What is the units digit of j(-2)?
3
Let q(c) = 2*c + 65. Let h be q(-24). Suppose -h*x = -11*x - 1314. What is the units digit of x?
9
Let a = -63 - -63. Suppose a*d = d - 259. What is the tens digit of d?
5
Let k = 118 - 129. What is the units digit of (-65730)/(-330) + 2/k?
9
Let k(v) = -16295 - 6*v + 16299 - 45*v. What is the units digit of k(-3)?
7
Suppose -5*k + 31 + 34 = 0. Suppose 2*b - b - 4*i = -8, 3*i - k = -b. Suppose -4*g - 5*q = -239, 102 = 3*g + b*q - 78. What is the units digit of g?
6
Let y(z) = 52*z**2 + z - 182. What is the units digit of y(-24)?
6
Suppose 155*i - 245 = 148*i. Suppose i*t - 9485 = 28*t. What is the units digit of t?
5
Suppose -5*q + 3*n + 47703 = 0, 5*q = -0*q - n + 47679. What is the units digit of q?
7
Let l(o) = 89*o - 1058. What is the thousands digit of l(46)?
3
Suppose 7*i - 130 = -67. Suppose 423 = 5*k - 4*z, 0 = -i*k + 5*k - z + 351. What is the units digit of k?
7
What is the tens digit of ((-8)/(-14))/((-604)/(-22144150))?
5
Suppose 2 = -5*a + 7, -2*a + 13 = c. Suppose -4*u = -2*y + 2104, -3*u = c*y - 12*y + 1047. What is the hundreds digit of y?
0
Let g(k) = 15 + 16*k**2 - 14*k**2 + 6*k + k + 2. Suppose 0 = 8*c - 0*c + 72. What is the tens digit of g(c)?
1
Let i be 4*15/20 - 0. Suppose i*j - 1028 + 51 = 2*a, 3*a + 3 = 0. What is the tens digit of j?
2
Suppose -5*d - 3*q - 2 = -d, -14 = 3*d - 4*q. What is the tens digit of d/(1/(-324)*2)?
2
Suppose -5*x + 187 = -1373. Suppose 4*n + g - 67 = 329, x = 3*n - 3*g. Suppose 4*m = 248 - n. What is the units digit of m?
7
What is the tens digit of -5*((-4)/2 - (-194540)/(-50))?
6
Suppose 120*c - 3*o = 123*c - 64275, -2*o + 21425 = c. What is the hundreds digit of c?
4
Let l(d) = 29*d**2 + 68*d - 26. What is the thousands digit of l(-17)?
7
Let a = 1532 + 2706. What is the thousands digit of a?
4
Let f(d) = 73*d**3 + 8*d + 11. Let v(s) = 73*s**3 + 8*s + 10. Let b(a) = -4*f(a) + 3*v(a). What is the units digit of b(-2)?
6
Suppose 0 = -13*i + 7*i - 11886. Let r = i + 2841. What is the tens digit of r?
6
Let n = 472 - -2468. What is the units digit of n?
0
Let q = -91 - -93. Let d(r) = 37*r**2 + 3*r - 1. What is the units digit of d(q)?
3
Let j = -15748 + 22074. What is the tens digit of j?
2
Let q(v) = v**3 - 8*v**2 + 7*v - 4. Let d be q(7). Let z(t) = -4*t - 13. Let x be z(d). What is the units digit of 68*x/6*2*1?
8
Let d(z) = 6*z - 3. Let v be d(6). Suppose 36*b = v*b - 18. What is the tens digit of (3 - 7) + (76 - b)?
7
Let p(f) = -3*f**2 + 23*f + 28973. What is the units digit of p(0)?
3
Suppose 0 = -38*b + 8*b + 360. What is the tens digit of 1/4*b*179?
3
Let s(p) = p**3 + 5*p**2 + 6*p + 8. Let b be s(-4). Suppose 3*l - 432 + 330 = b. What is the tens digit of l?
3
Let u be (18/15)/(6/20). Suppose 0 = -2*r - u*r + 42. Suppose -r*s = -1234 + 492. What is the tens digit of s?
0
Let j = 22273 - 9265. What is the thousands digit of j?
3
Let j(u) = 8*u**2 - 7*u + 49. Let w = -125 - -116. What is the units digit of j(w)?
0
Let k = -7902 - -16523. What is the units digit of k?
1
Let k = 103 + -58. Let v(n) = -2*n**2 + 103*n + 132. What is the tens digit of v(k)?
1
Suppose 2*q - 6*o - 8 = -3*o, 2*q + 2*o = -12. Let u be 2*q/(-4)*1 - -2. Suppose u*m - 8*d = -4*d + 68, -4*d + 60 = 5*m. What is the tens digit of m?
1
Suppose 3*z = 2*n - n + 17700, 4*z + 5*n - 23638 = 0. What is the tens digit of z?
0
Suppose 268483 = -109*t + 554178 + 2207571. What is the units digit of t?
4
Suppose -48 = -8*o - 0. What is the hundreds digit of (-188)/(-8)*3/o*20?
2
Let b(r) = -61*r + 1. Let g(q) = q**3 - 9*q**2 - 11*q + 9. Suppose 5*u - 30 = 2*u. Let h be g(u). What is the tens digit of b(h)?
6
Let m = 954 - 493. Suppose 0 = v - 521 - m. What is the units digit of v/10 + 2/(-1 - 9)?
8
Suppose -359*u = -391*u + 117984. What is the tens digit of u?
8
Let l(z) = z**2 + 59*z + 1636. What is the ten thousands digit of l(133)?
2
What is the tens digit of (-24)/(-80)*36688 + 4/(-10)?
0
Let d be (-66)/(-12) - (-6)/(-4). Let q(n) = n**2 + 11*n - 52. Let m be q(-28). Suppose 93 = -d*v - 5*a + 671, -a - m = -3*v. What is the tens digit of v?
4
Suppose -2*s + 13 = -21. Let g(z) = 6*z**2 - 55*z + 7. What is the units digit of g(s)?
6
What is the hundreds digit of -1*-5606*(0 + 2/12*3)?
8
Suppose -91*z - 524790 = -142*z. What is the units digit of z?
0
Let r = 704 + 238. What is the hundreds digit of r?
9
Suppose -r - 12 = 4*l, -5*l = -r + 27 - 3. Let u(k) be the second derivative of k**4/12 + k**2 - 95*k + 3. What is the tens digit of u(l)?
1
Let v = 829 - -3396. What is the tens digit of v?
2
Suppose 5 = -z, -3*s + z + 6 = -8. Let u be 83 + (-6 + s - -7). Suppose 47 = o - u. What is the units digit of o?
4
Suppose 0 = -5*t - 4*s + 155, -2*t + 69 = 2*s + s. Suppose 15 = p + f - t, 3*f - 15 = 0. What is the tens digit of p?
3
Suppose 2*x - 342 = -a, -5*a - 77 = 4*x - 773. Suppose -10*r + 9*r = -x. Suppose r + 23 = 3*n. What is the tens digit of n?
6
Suppose 0*l - l + 74 = -4*z, 0 = 2*l - 5*z - 148. Let r = l 